 4*s + 175, 2*s - 166 = -4*x. List the prime factors of x.
3, 13
Suppose -l = -3*x + 94, -28 = -x + 2*l - 0*l. What are the prime factors of x?
2
Suppose -8*z = -11*z + 90. What are the prime factors of z?
2, 3, 5
Suppose -2*o + 5*t = 4*t - 15, -3*o - 5*t = -29. What are the prime factors of o?
2
Suppose -4*n + 4*k + 251 = 3, -2*n = 2*k - 104. List the prime factors of n.
3, 19
Suppose -5 = -5*p, 3*p - 42 = -4*s + 5. What are the prime factors of 1 + 31 + (s - 12)?
31
Suppose 5*n = n + 32. Let v(j) = -j**3 + 8*j**2 + j - 4. Let w be v(n). List the prime factors of 273/14*w/6.
13
Let i be (-1 + 1)*2/(-4). Suppose 24 = 2*y - i*y. List the prime factors of y.
2, 3
Let r = 11 - 11. Suppose r = -4*f - 14 + 58. What are the prime factors of f?
11
Suppose -43 = 5*t - 6*t. What are the prime factors of t?
43
Let a = -13 - -21. Suppose -z - 3*z = -a. List the prime factors of z.
2
Let i(j) = -j**2 + 4*j + 1. Let y be i(4). Let m be -2 - (-9)/(y + -4). What are the prime factors of m/(-2)*18/15?
3
Suppose 4*s - 7 - 9 = 0. Suppose -r + 6 - s = 0. List the prime factors of (12/(-15))/(r/(-30)).
2, 3
Let b be 2*-4 + 0 + 1. Let t(l) = -l**3 - 9*l**2 - 9*l - 2. Let s be t(b). List the prime factors of 2/(-8) - s/4.
3
Suppose r - 24 = 44. List the prime factors of r.
2, 17
Suppose -2*i = -0*i + f - 26, -42 = -4*i + 3*f. What are the prime factors of i?
2, 3
Suppose 4*k = 70 - 26. Suppose 0 = 3*x - 4*p + k, 5*x - p - 10 = 0. List the prime factors of x.
3
Suppose -4*v = -39 - 85. List the prime factors of v.
31
Suppose 5*k + 63 = 738. List the prime factors of k.
3, 5
Let h(i) = 6*i**3 - i**2 + 3*i + 2. What are the prime factors of h(2)?
2, 13
Suppose 2*n = -0*n + 80. Suppose -4*l = -88 - n. Suppose 0 = -2*j - x + 23, 2*j - x - l = -j. What are the prime factors of j?
11
Let d(x) = x**3 + 9*x**2 - 10*x + 3. List the prime factors of d(-8).
3, 7
Suppose -5*u = 6 - 181. Suppose 2*n + u = 117. List the prime factors of n.
41
Let a = 18 - 11. Suppose 4*r = -8, g + a*r - 4*r = 7. What are the prime factors of g?
13
What are the prime factors of (-280)/(-3) - (-58)/87?
2, 47
Suppose q - 3*f - 73 = 0, -2*f - 64 - 301 = -5*q. List the prime factors of q.
73
Let k(z) = 2*z + 23. List the prime factors of k(0).
23
Let z = -249 + 365. Let o = z + -79. List the prime factors of o.
37
Suppose 3*k - 30 = -2*k. Suppose 0 = a - k*a + 25. Suppose -56 = -0*u - a*u - 4*f, 3*u - 32 = -2*f. List the prime factors of u.
2
Suppose -3*c + 399 = 69. Suppose -5*m + c = -0*m. List the prime factors of m.
2, 11
List the prime factors of 2 + ((-4543)/(-22) - (-6)/(-4)).
3, 23
Let w(p) = -p**3 + 5*p**2 + 6*p - 6. Let u be w(6). Let c(q) = -q - 2. Let v be c(u). Let r = v - 1. What are the prime factors of r?
3
Let q(l) = -l**3 + 3*l**2 + l + 1. What are the prime factors of q(-2)?
19
Let p be 3*1 + (2 - 1). Suppose 0 = p*u - 5*u + 15. List the prime factors of u.
3, 5
Let y(n) = 4*n + 7. Let d be y(5). Suppose 0 = 2*z - 3*z + d. List the prime factors of z.
3
Suppose 5*z = -3*s + 5, 5*s = 2*z + 7 - 40. Suppose -15 = -z*y + 5. What are the prime factors of y?
5
Suppose 4*d = -4*n + 40, d + 2*d = -4*n + 29. List the prime factors of d.
11
Let x be ((-1)/((-3)/(-582)))/(-2). Suppose -s + 23 = -0*s + 2*v, -5*s - 4*v + x = 0. List the prime factors of s.
17
Let i = 138 + -77. List the prime factors of i.
61
Suppose -l - 2*l = -24. List the prime factors of l.
2
Let i = 2 - -14. List the prime factors of i.
2
Let g = -52 + 97. Suppose 2*y - 5*v - 32 = 0, 3*y = -4*v + 3 + g. What are the prime factors of y?
2
Let b = -9 + 3. Let l = b - -17. List the prime factors of l.
11
Let s(f) = -3*f - 1. Let v be s(2). Let y(c) = -2*c + 5. List the prime factors of y(v).
19
Suppose -q = 2*g - g - 1, -4*q = -16. Let m be ((-2)/4)/((-2)/(-20)). Let i = g - m. List the prime factors of i.
2
Let c(i) = -i. Let r be c(-3). Suppose j = -r*s + 13, j - 5*j = 2*s - 12. What are the prime factors of s?
2
Let c(u) = 7*u**3 - 8*u**2 - 7. List the prime factors of c(4).
313
What are the prime factors of (325/15)/5*3?
13
Let a(w) = 25*w**2 + w. Let y be (-4)/1 - (3 + -6). List the prime factors of a(y).
2, 3
Suppose -x + 2 = -1. Suppose 0 = 2*q + 10, 7*q = -x*b + 2*q - 10. Suppose -b*r = -5 - 85. List the prime factors of r.
2, 3
Let l = 9 - 4. Suppose 5*u - 2 = -g - l, 3*g = -5*u + 21. List the prime factors of g.
2, 3
Suppose 0*q - 80 = -4*q. What are the prime factors of q?
2, 5
Let a be ((-640)/(-30))/((-2)/(-6)). Suppose -a - 61 = -5*o. What are the prime factors of o?
5
Suppose 52 = u + 3*u. List the prime factors of u.
13
Let g(i) = 54*i**2 + 2. List the prime factors of g(-2).
2, 109
What are the prime factors of 6/(6/9 - 0)?
3
Let j = -55 + 97. Suppose 5*t - j = 28. List the prime factors of t.
2, 7
Let y = -219 + 357. List the prime factors of y.
2, 3, 23
Let m = 17 + -17. Let q = 26 - m. List the prime factors of q.
2, 13
Suppose 2*m = m + 18. Suppose -5*l - 3*v = 5 + 11, -3*l - m = -v. Let y = l - -13. List the prime factors of y.
2
Let u(s) = -2*s**3 - 6*s + 1. Let h(i) = -3*i**3 + i**2 - 7*i + 2. Let x(p) = -3*h(p) + 4*u(p). What are the prime factors of x(4)?
2
Let i be (-3 - 0) + 0/(-2). Let p = 2 - i. Suppose -4*t - 3 = -p*t. List the prime factors of t.
3
Let f = -59 + 79. List the prime factors of f.
2, 5
Let a(d) = d**2 + 5*d + 2. Let f be a(-6). Suppose 1 = -3*u - 5*o - 4, 4*u - f = -3*o. Suppose u + 9 = 2*c. List the prime factors of c.
7
Let y be 3/((-1 + -1)/(-6)). Suppose 0 = -3*u + 6 + y. Suppose 67 - 17 = u*z. What are the prime factors of z?
2, 5
List the prime factors of (26 + -1)/((-1)/(-5)) - -3.
2
Suppose 11 = 3*j + p, 2*p = p + 5. List the prime factors of (j/4)/((-6)/(-60)).
5
Suppose 2*x + 13 = 45. List the prime factors of x.
2
Suppose -60 = -9*y + 5*y. List the prime factors of y.
3, 5
Let d be 3/(-6) - (-55)/2. Let b = d + -17. List the prime factors of b.
2, 5
Suppose 5*m - 64 = m. Let r be ((-12)/m)/((-1)/4). Suppose r*i - 7 = 4*d, -4*d + 2*d = 4*i - 24. What are the prime factors of d?
2
Suppose 8*v = 5*v. Suppose s + 3*s - 60 = v. List the prime factors of s.
3, 5
List the prime factors of 22/143 + (-3027)/(-13).
233
Suppose -6 = -a - 4. List the prime factors of (9 - 15)*(-7)/a.
3, 7
Let f(n) = n**2 + 2*n. Let c be f(-2). Suppose 10 = 2*k - c*k. Suppose -31 = -k*r + 14. What are the prime factors of r?
3
Suppose 2*y - 47 = 3*r, 2*y - y - 2*r - 26 = 0. What are the prime factors of y?
2
Let p be 2 + (2 - 1)*0. List the prime factors of 4 + -2 - -6 - p.
2, 3
Let j = 3 - 0. Suppose -j*g = 3*q + 204, 3*g = -q + 3*q + 111. What are the prime factors of q/(-4) - 3/(-12)?
2
Let u(r) = r**2 + 5*r - 1. Let k be u(-6). Suppose -5*c + 3*s + 25 = 0, k*s + 0*s = 4*c - 20. Let h(x) = 2*x - 2. What are the prime factors of h(c)?
2
Suppose -3*w - 5 = h, -17 + 4 = h + 5*w. Let r = -2 + h. Suppose -n = -2, s + s + r*n - 18 = 0. List the prime factors of s.
2
Let g = 369 + -128. What are the prime factors of g?
241
Suppose 2*z - 312 = -3*g, 3*z + 1 + 326 = 3*g. List the prime factors of g.
2, 53
Suppose z + 7 = -21. Let s = z + 58. What are the prime factors of s?
2, 3, 5
Let z(y) = -5*y + 2*y**2 + 1 + 2 - 6*y + 2*y. List the prime factors of z(6).
3, 7
Suppose 3*k - 102 = -3*r, -2*k + 2*r + 67 = 5*r. Suppose b = -3*b + 20. Suppose -2*x + k = b. What are the prime factors of x?
3, 5
Suppose -2*t - 6 = -a + 5, 0 = -3*a - 5*t + 11. Let u = 13 - a. List the prime factors of u.
2, 3
Let t = 31 - 12. List the prime factors of t.
19
Let m = -19 - -67. Suppose 10*d - 5*d = 0. Suppose d*l + m = 4*l. List the prime factors of l.
2, 3
Let l(k) be the second derivative of k**5/20 + k**4/4 + 2*k**3/3 + 3*k**2/2 - 3*k. Let q be l(-2). What are the prime factors of 13 + (1 + -2)/q?
2, 7
Let w(p) = -p**3 - 5*p**2 - 9*p - 7. List the prime factors of w(-6).
83
Let k(m) = 2*m**2 - 6*m + 14*m - 3*m. What are the prime factors of k(-4)?
2, 3
Let t = 5 + -2. List the prime factors of (2 - 0) + 63/t.
23
Let s = 3 - 1. Suppose s*h = h + 3*d + 1, -4*h = 2*d + 10. List the prime factors of 16 + (-2 - h)/2.
2
Let t(p) be the first derivative of -p**4/4 + p**2/2 + 6*p + 1. Suppose 2*n + 0*n = 0. List the prime factors of t(n).
2, 3
Let t be 5*1/3*3. Suppose -z + 6 + t = 0. What are the prime factors of z?
11
Let f(g)